2 is divided by 1051?
1047
What is the remainder when 776961 is divided by 788?
781
Calculate the remainder when 7954 is divided by 102.
100
What is the remainder when 15141 is divided by 1509?
51
Calculate the remainder when 1601 is divided by 320.
1
Calculate the remainder when 37700 is divided by 9423.
8
What is the remainder when 1791663 is divided by 17?
16
What is the remainder when 67002 is divided by 201?
69
Calculate the remainder when 31207 is divided by 10396.
19
What is the remainder when 16094 is divided by 16006?
88
Calculate the remainder when 453438 is divided by 15114.
18
Calculate the remainder when 15730 is divided by 6.
4
What is the remainder when 440071 is divided by 145?
141
What is the remainder when 79071 is divided by 48?
15
What is the remainder when 249304 is divided by 10?
4
What is the remainder when 4204 is divided by 151?
127
Calculate the remainder when 4406 is divided by 1443.
77
Calculate the remainder when 29254 is divided by 1276.
1182
What is the remainder when 5783 is divided by 148?
11
Calculate the remainder when 13039 is divided by 621.
619
Calculate the remainder when 118402 is divided by 44.
42
Calculate the remainder when 6938 is divided by 56.
50
Calculate the remainder when 192 is divided by 18.
12
Calculate the remainder when 592153 is divided by 19.
18
Calculate the remainder when 3515 is divided by 3468.
47
What is the remainder when 22654 is divided by 163?
160
Calculate the remainder when 15316 is divided by 10.
6
What is the remainder when 49175 is divided by 220?
115
What is the remainder when 642 is divided by 21?
12
What is the remainder when 136212 is divided by 1009?
1006
What is the remainder when 3529 is divided by 971?
616
Calculate the remainder when 173733 is divided by 152.
149
What is the remainder when 1122 is divided by 135?
42
What is the remainder when 47343 is divided by 1971?
39
Calculate the remainder when 33081 is divided by 3007.
4
What is the remainder when 42508 is divided by 17?
8
Calculate the remainder when 1807 is divided by 1745.
62
Calculate the remainder when 56853 is divided by 552.
549
Calculate the remainder when 2583 is divided by 130.
113
What is the remainder when 803 is divided by 14?
5
Calculate the remainder when 7724 is divided by 3847.
30
What is the remainder when 26779 is divided by 8?
3
What is the remainder when 1206 is divided by 1203?
3
Calculate the remainder when 818 is divided by 579.
239
What is the remainder when 9232 is divided by 57?
55
Calculate the remainder when 3200718 is divided by 241.
238
What is the remainder when 25887 is divided by 6441?
123
What is the remainder when 7216 is divided by 212?
8
Calculate the remainder when 169209 is divided by 66.
51
Calculate the remainder when 40628 is divided by 17.
15
What is the remainder when 18017 is divided by 22?
21
Calculate the remainder when 5562 is divided by 793.
11
Calculate the remainder when 1337 is divided by 798.
539
Calculate the remainder when 1601378 is divided by 20.
18
Calculate the remainder when 212847 is divided by 225.
222
Calculate the remainder when 156274 is divided by 25.
24
What is the remainder when 100257 is divided by 18?
15
Calculate the remainder when 1745 is divided by 349.
0
Calculate the remainder when 17747 is divided by 845.
2
Calculate the remainder when 1670 is divided by 738.
194
What is the remainder when 48350 is divided by 4?
2
Calculate the remainder when 3665 is divided by 8.
1
What is the remainder when 5838 is divided by 87?
9
Calculate the remainder when 2022 is divided by 846.
330
What is the remainder when 860 is divided by 291?
278
Calculate the remainder when 326071 is divided by 451.
449
What is the remainder when 11781 is divided by 692?
17
Calculate the remainder when 270 is divided by 49.
25
Calculate the remainder when 4275 is divided by 128.
51
What is the remainder when 11965 is divided by 113?
100
Calculate the remainder when 107005 is divided by 1069.
105
Calculate the remainder when 67622 is divided by 11258.
74
Calculate the remainder when 584827 is divided by 44.
23
Calculate the remainder when 3507 is divided by 669.
162
Calculate the remainder when 1291611 is divided by 652.
651
Calculate the remainder when 35396 is divided by 3528.
116
Calculate the remainder when 4200 is divided by 503.
176
Calculate the remainder when 829645 is divided by 167.
156
What is the remainder when 9677 is divided by 29?
20
Calculate the remainder when 20845 is divided by 6928.
61
What is the remainder when 8476 is divided by 1058?
12
Calculate the remainder when 10546 is divided by 20.
6
What is the remainder when 38128 is divided by 91?
90
What is the remainder when 131218 is divided by 6?
4
What is the remainder when 1971 is divided by 1129?
842
Calculate the remainder when 97778 is divided by 589.
4
Calculate the remainder when 81753 is divided by 104.
9
Calculate the remainder when 2875 is divided by 271.
165
Calculate the remainder when 24388 is divided by 19.
11
Calculate the remainder when 26574 is divided by 20.
14
Calculate the remainder when 21898 is divided by 2734.
26
Calculate the remainder when 114677 is divided by 22931.
22
What is the remainder when 3272 is divided by 543?
14
Calculate the remainder when 73667 is divided by 74.
37
Calculate the remainder when 3741556 is divided by 213.
211
What is the remainder when 2849 is divided by 18?
5
What is the remainder when 96284 is divided by 4185?
29
Calculate the remainder when 169205 is divided by 661.
650
Calculate the remainder when 8721 is divided by 1243.
20
Calculate the remainder when 1536 is divided by 721.
94
What is the remainder when 12360 is divided by 493?
35
Calculate the remainder when 24285 is divided by 28.
9
What is the remainder when 3133 is divided by 1006?
115
What is the remainder when 12960 is divided by 26?
12
Calculate the remainder when 678 is divided by 302.
74
What is the remainder when 7431 is divided by 18?
15
Calculate the remainder when 40984 is divided by 13659.
7
What is the remainder when 302703 is divided by 7566?
63
Calculate the remainder when 787 is divided by 146.
57
What is the remainder when 1878 is divided by 108?
42
Calculate the remainder when 8381 is divided by 1040.
61
What is the remainder when 14899 is divided by 276?
271
Calculate the remainder when 260326 is divided by 86765.
31
Calculate the remainder when 177390 is divided by 177383.
7
What is the remainder when 15565 is divided by 48?
13
What is the remainder when 1792 is divided by 334?
122
What is the remainder when 19326 is divided by 892?
594
What is the remainder when 55036 is divided by 318?
22
Calculate the remainder when 132016 is divided by 322.
318
Calculate the remainder when 51793 is divided by 10357.
8
Calculate the remainder when 32580 is divided by 163.
143
Calculate the remainder when 101593 is divided by 14513.
2
What is the remainder when 30786 is divided by 1898?
418
What is the remainder when 6055 is divided by 38?
13
What is the remainder when 21274 is divided by 197?
195
What is the remainder when 1782 is divided by 341?
77
Calculate the remainder when 63915 is divided by 201.
198
Calculate the remainder when 1455363 is divided by 157.
130
What is the remainder when 12979 is divided by 26?
5
What is the remainder when 17071 is divided by 5655?
106
What is the remainder when 126832 is divided by 138?
10
Calculate the remainder when 3997 is divided by 1332.
1
Calculate the remainder when 42131 is divided by 468.
11
What is the remainder when 9120 is divided by 117?
111
Calculate the remainder when 7696 is divided by 384.
16
What is the remainder when 34198 is divided by 24?
22
Calculate the remainder when 14149 is divided by 68.
5
Calculate the remainder when 37204 is divided by 2.
0
What is the remainder when 399005 is divided by 592?
589
What is the remainder when 347046 is divided by 191?
190
What is the remainder when 690448 is divided by 55?
33
Calculate the remainder when 16249 is divided by 19.
4
Calculate the remainder when 41447 is divided by 159.
107
Calculate the remainder when 19865 is divided by 1348.
993
Calculate the remainder when 5393 is divided by 2.
1
Calculate the remainder when 10754 is divided by 538.
532
Calculate the remainder when 1